))?
30
Let i = -508 + 999. Let m = i + -281. What is the remainder when m is divided by 53?
51
Let k(x) = 17*x**2 - x + 1. Let a = -286 - -286. Suppose -3*r - 523 + 664 = a. Calculate the remainder when r is divided by k(1).
13
What is the remainder when 1691 is divided by 74/(-407) - 3108/(-33)?
93
Let x = 5 + -1. Suppose 5*u = -5*y + 170, -x*u + y = -0*y - 111. Let t(s) = -115*s**2 - 172*s. What is the remainder when t(-1) is divided by u?
28
Suppose 5*b + c - 22 = 3*c, -32 = -2*b - 5*c. Suppose -23*j = -511 - 478. What is the remainder when j is divided by b?
1
Calculate the remainder when (-462)/(-4)*48/(-56)*-2 is divided by 46.
14
Let s(n) = -2*n + 84. Let q(w) = w - 1. Let d(m) = -2*q(m) + s(m). What is the remainder when d(12) is divided by 7?
3
Suppose 4*o + 2*z - 1170 = 0, -110 = -3*o + 4*z + 795. Calculate the remainder when o is divided by 100.
95
Let b(u) be the second derivative of 5*u**3/6 + 3*u**2 - 8*u. Let s be b(-3). Calculate the remainder when 2 is divided by (2 - 6/s)*(-6)/(-8).
0
Let a = 358 - 348. Let d(o) = -7*o + 20. Let y(w) = -14*w + 41. Let n(u) = 5*d(u) - 3*y(u). What is the remainder when n(a) is divided by 24?
23
Suppose 45*b + 1 = 46*b. What is the remainder when 70 is divided by 3 - (b + (0 - 2))*15?
16
Suppose -69*n - 2379 = -12591. What is the remainder when n is divided by 42?
22
Suppose 3*u = 3*z - 81, -71 = 2*u + z - 20. Let s = -46 - u. Let g(q) = 2*q**2 + 40*q + 42. What is the remainder when 166 is divided by g(s)?
40
Suppose -5*l + 162 = 2*n, -l + 180*n - 178*n = -18. Suppose -q + 5*g = -3 + 1, -3*g + 12 = -5*q. Calculate the remainder when l is divided by 19 + q/9*0.
11
Let w be 10/(-85) - 484/(-68). Let j(i) = i**3 - 3*i**2 - 16*i + 5. Calculate the remainder when j(w) is divided by -2 - (1 + -8 + -1).
5
Suppose 0 = -5*z + 194 - 54. What is the remainder when 88 is divided by z/196 - 270/(-21)?
10
Let h(u) = -u**3 - 26*u**2 - 4*u - 50. Let d be h(-26). Let j = d - 28. Calculate the remainder when j is divided by (4/2 - 0) + 14.
10
Suppose 4*o = -5*a + 179, 4*a + 10 - 6 = 0. Suppose 2*x = -4*b + o, -29 - 5 = -3*b - 2*x. What is the remainder when 122 is divided by b?
2
Suppose -53*s = -57*s - 920. Calculate the remainder when 25 is divided by (30/4)/(s/(-552)).
7
Let r(p) = -29*p**3 + 17*p**2 + 2*p + 4. What is the remainder when r(-2) is divided by 69?
24
Let l be (0/(0 + 2))/1. Suppose 2*s - 44 = -l*s. What is the remainder when 34/1309 + 151904/3619 is divided by s?
20
Suppose 8 = -3*b - 4, 5*g - b = 649. Let r = 146 - g. What is the remainder when 47 is divided by r?
13
Let g = 3625 + -2336. Calculate the remainder when g is divided by 35.
29
Suppose 570 = 5*o - 2*o. Let n = -225 + 535. Let k = n - 246. Calculate the remainder when o is divided by k.
62
Suppose -100*i = 8997 - 77833 - 73764. What is the remainder when i is divided by 51?
49
Suppose f - 120 = -3*u - 2*u, -5*f = -3*u + 44. Suppose -11940 = -87094*t + 86696*t. What is the remainder when t is divided by u?
7
Let u be (0 - -11) + (-6 - 3). Suppose -61 = -5*b + 3*t, -u*b + 3*t = 2*b - 47. What is the remainder when 53 is divided by b?
11
Suppose 0 = 2*v - 5*q + q - 592, -3*q - 298 = -v. Let b = v + -260. What is the remainder when 157 is divided by b?
29
Suppose 18 = 2*d + f - 6, -f + 4 = 0. What is the remainder when 238 is divided by (-210)/700 - (-1133)/d?
12
Suppose -46 = -6*r - 64. What is the remainder when (-7)/(600/(-198) - r) is divided by 8?
7
Let w = -10393 - -11588. Calculate the remainder when w is divided by 237.
10
Let y(q) = 2*q**3 - 3*q**2 - 3*q + 21. Calculate the remainder when 1675 is divided by y(3).
37
Let z(u) = u**2 + 13*u + 45. Let h be z(-11). Suppose -2*x - h*x = -1600. Let t = -36 + 58. Calculate the remainder when x is divided by t.
20
Let o be (-2)/4*(4 + -11 + 7). Suppose o = -4*i - i - 2*b + 72, 4*i = 3*b + 53. What is the remainder when 42 is divided by 3 + 108/i - 2/(-7)?
9
Suppose 50 = -g + 4*g - 2*l, 2*g + 3*l - 42 = 0. What is the remainder when 46 is divided by g?
10
Suppose 5*t + 5 = -d + 2*t, 3*d + t - 1 = 0. Suppose -d = 4*y - 157. Calculate the remainder when 154 is divided by y.
37
Let b(h) = -2389*h - 130. What is the remainder when b(-6) is divided by 128?
124
Let l(o) = -o**3 + 35*o**2 - 97*o + 37. Calculate the remainder when 6 - 7 - 57/(-1) is divided by l(32).
1
Let p(i) = 12*i + 5. Suppose -2*l = 39*a - 43*a - 760, 2*l - 5*a = 766. What is the remainder when l is divided by p(4)?
50
What is the remainder when (-78640)/(-480) - 10/12 is divided by 39?
7
Let d(w) = -w**3 + 83*w**2 - 599*w + 2. What is the remainder when d(75) is divided by 43?
34
Let z(i) = 3*i - 9. Let v be z(3). Suppose l + 3 + v = 0. Calculate the remainder when 18 is divided by l + 58/4 + 2/(-4).
7
Suppose 0 = f + 11*n - 16*n - 41, -32 = -f + 2*n. Let r(i) = 3*i - 1. Let s be r(7). Let p = s + -14. What is the remainder when f is divided by p?
2
Suppose 287*z - 13344 = 9*z. Calculate the remainder when z is divided by 39.
9
Let v = -175 + 118. Let q = v - -61. Suppose -4*g + q*k = -820, 5*g + 2*k - 1019 = 5*k. Calculate the remainder when g is divided by 51.
49
Suppose 3558 = y + 3494. Calculate the remainder when 347 is divided by y.
27
What is the remainder when 6044/(-6)*(51/(-2))/17 is divided by 9?
8
Let k be -7*8/(-28)*27. Calculate the remainder when k*2/20*5 is divided by 14/(-4)*(6 + -8).
6
Let d be ((-382)/4)/(18/(-36)). Suppose -2*f + 108 = -3*v, -41 = -5*f - 2*v + d. What is the remainder when 383 is divided by f?
47
Suppose 2*m + 4*b - 17 = 3*m, m - 13 = -2*b. Let f = -28 - -47. What is the remainder when f is divided by m?
1
Let g = -15926 + 16268. What is the remainder when 38642 is divided by g?
338
Let m(x) = 1 + 35*x - 33*x + 9. Let y be m(-7). Calculate the remainder when 125 is divided by 2/(-4) + (-2)/(y/65).
29
Let c(y) = -27*y + 15. Let b be c(5). Let x be b/16*1/(3/(-166)). Suppose -4*m + 12 = 0, 2*h - m + x = 6*h. What is the remainder when h is divided by 35?
33
Let m = 1831 + -1205. Let l = m + -337. Calculate the remainder when l is divided by 59.
53
Let j(f) = -10*f**2 - 30*f + 12. Let m be j(-3). Suppose -4*y + 0*y + 12 = 0. Suppose -y*x - m = -6*x. What is the remainder when 11 is divided by x?
3
Let f be 1/(-2) - 301/(-14) - 2. Let d(p) = p**2 - 17*p - 22. What is the remainder when 71 is divided by d(f)?
7
Let g be -12*(3 - 3/6). Calculate the remainder when 25 is divided by ((-87)/g + 9/90)*5.
10
Suppose 2*f = 3*s - 60, s - 12 = -0*f - 2*f. Let v(o) = 13*o + 303. Let z be v(-24). What is the remainder when z - 3*328/(-24) is divided by s?
14
Let m = -39 - -41. Suppose m*q = 150 + 60. What is the remainder when 109 is divided by ((-16)/20)/((18/q)/(-6))?
25
Calculate the remainder when 2105 is divided by (-1116)/(-93) - (0/4 - 180).
185
Suppose 706 - 297 = 4*f - 3*n, -5*f + 515 = -3*n. Calculate the remainder when 949 is divided by f.
101
Let n(f) be the second derivative of f**3/3 - 21*f**2/2 - 4*f. Let c be n(12). What is the remainder when 101 is divided by 28 - (c - (-2 + 3))?
23
Let s(h) = 24*h**2 - 95*h + 739. Calculate the remainder when s(17) is divided by 47.
44
Calculate the remainder when 195156/139 + -2*7 is divided by 61.
48
Suppose 8623 = 5*u + 2*k, -2*k - 9945 = -5*u - 1298. What is the remainder when u is divided by 351?
323
Suppose 4*p - 247 = 109. Suppose 15 = 4*s - p. Let c = -3542 + 3551. What is the remainder when s is divided by c?
8
Suppose 22955*n = 22981*n - 1326. Suppose -k = k - 84. What is the remainder when n is divided by k?
9
Let a be -4 + (3 - 2) - (17 - 19). Let j(u) = -10*u**3 + 2*u + 2. What is the remainder when 37 is divided by j(a)?
7
Suppose 739063 = 257*r + 221208. What is the remainder when r is divided by 667?
14
Let j(x) = x + 12. Let m(c) be the second derivative of -c**3/6 - 6*c**2 + 7*c. Let u(b) = -4*j(b) - 5*m(b). Calculate the remainder when 25 is divided by u(4).
9
Suppose 5*g - 4*p = 22, 4*p + 3 = -3*g + p. Let y(s) = 13*s + 3*s**2 + g - 35*s + 1. What is the remainder when y(9) is divided by 5?
3
Let q = -8 - -231. Suppose 11*m + 1475 = 144. Let g = m + q. Calculate the remainder when g is divided by 21.
18
Let v(g) = g + 48. Let c be v(-16). Suppose -28*w = -c*w + 204. Suppose 4*m - 25 = w. Calculate the remainder when 31 is div